q + 34. Calculate the remainder when t is divided by 13.
10
Let t be 2*(1 - 21/(-2)). Suppose -3*b + 65 = t. What is the remainder when 3 + -2 + 0 + 25 is divided by b?
12
Suppose 0 = 5*p - 31 + 11. Let r(k) = 5*k - 5. What is the remainder when 29 is divided by r(p)?
14
Suppose -t + 19 = 3*f, -6*f + f + 19 = t. What is the remainder when 52 is divided by t?
14
Suppose 0 = j - 172 - 98. Suppose 0 = 2*b + 3*b - j. Calculate the remainder when b is divided by 11.
10
Let k(n) = -n**2 + 7*n + 5. Calculate the remainder when 26 is divided by k(7).
1
Suppose 3*u - 3 = d - 5, -4*u - 4 = -2*d. Suppose -d*w = 2*w - 172. Calculate the remainder when w is divided by 22.
21
Let g(l) = -6*l + 1. Suppose -3*i = 3*a, 4*i + 25 = 3*i + 4*a. Let n(m) = -m**3 - 25*m**2 - 48*m - 35. What is the remainder when g(i) is divided by n(-23)?
9
Suppose -2*d = -5*g + 190, -g + 47 - 9 = -3*d. What is the remainder when 110 is divided by g?
34
Let x = 119 - 70. Suppose -2*a - x = -a. Let l = -32 - a. Calculate the remainder when l is divided by 6.
5
Suppose 13*c - 12*c = -3. Let n be 15*(0/1 + 1). Calculate the remainder when 18 is divided by n + c - (1 - -1).
8
Suppose -3*w + 101 = 2*m, -w - 5*m = -0*w - 12. What is the remainder when 183 is divided by w?
35
Suppose -3*n + n = 142. Let w = -32 - n. What is the remainder when w is divided by 10?
9
Suppose -3*k - 11 = -q, -q + 9 = 2*q - 3*k. Let a(c) = 18*c**2. What is the remainder when a(q) is divided by 10?
8
Let s = 24 - 8. Suppose -3*v - v = -s, -u - 4*v = -19. Suppose 5*k = 2*c + 200, 0 = -3*k - u*c - c + 146. Calculate the remainder when k is divided by 11.
9
Let p(g) = g**3 - 3*g**2 + g - 2. Let f be p(4). What is the remainder when 102 is divided by (-2)/f - 1520/(-72)?
18
Let x(m) = -m**2 + 16*m - 15. What is the remainder when 87 is divided by x(10)?
42
Suppose 0*v + 80 = -4*v. Let p = -5 - v. What is the remainder when 29 is divided by p?
14
Suppose 6*b + 7*b = 52. Calculate the remainder when 15 is divided by b.
3
Suppose 2*l = 160 - 54. Calculate the remainder when l is divided by 14.
11
What is the remainder when -29*((-105)/60 - 3/(-4)) is divided by 8?
5
Let j be ((-6)/5)/((-3)/(-20)). Let g(f) = -6*f - 8. Let a = 12 + 2. What is the remainder when g(j) is divided by a?
12
Suppose -45 - 6 = -5*g - 2*s, -41 = -3*g + 4*s. What is the remainder when (-80)/6*(-12)/8 is divided by g?
9
Let h be 3 + (3 + -3 - 1). Calculate the remainder when 54 - 3 - (h - 1) is divided by 17.
16
Suppose 2*f = f + 2. Suppose -2*y + 52 = 4*a - 6, a - f*y = 12. What is the remainder when 54 is divided by a?
12
Suppose -90*a + 93*a - 75 = 0. Calculate the remainder when a is divided by 7.
4
Let r = 134 - 18. Suppose u - r = -5*l - u, -34 = -l - 4*u. Calculate the remainder when l is divided by 8.
6
Suppose -3*a + 65 - 5 = 0. Let t = a - 12. What is the remainder when t is divided by 10/2*3/5?
2
Let w(p) = -3*p**3 - 2*p**2 + p + 2. Let v be w(-2). Suppose -o + 0 = -v. Let k = 7 + o. What is the remainder when k is divided by 12?
11
Let c(g) = -7*g - 10. Calculate the remainder when 41 is divided by c(-3).
8
Suppose -20 = -4*p - 0. Suppose -5*w + 3*m - 2 = 0, -14 = 3*w + p*m - 10*m. Calculate the remainder when 37 is divided by w*1 - (-9 + -2).
11
Let b = 402 - 786. Let v be 2/6 + b/(-9). Let c = v - 23. What is the remainder when 38 is divided by c?
18
Let l(c) = -3*c + 26. What is the remainder when 50 is divided by l(3)?
16
Calculate the remainder when ((-6)/9)/(4/(-78)) is divided by 5/1 + 0/1.
3
Let y = -2 + 13. Let g(b) = 2*b**2 - 5*b - 6. Calculate the remainder when g(5) is divided by y.
8
Let o be 4/(-14) + (-506)/(-7). Suppose -5*j + o + 33 = 0. Calculate the remainder when j is divided by -5 + 0 - -2 - (-14 - 0).
10
Let j(v) = -13*v + 1. Let w be j(-7). Suppose 0 = 4*h - 32 - w. What is the remainder when h is divided by 11?
9
Let k(f) = -f**3 - 9*f**2 - 12*f - 6. Calculate the remainder when k(-8) is divided by 7.
5
Suppose -w - 3*w + 2*q = -40, 3*q = 2*w - 28. Let m(f) = 2*f**2 + 4*f + 3. Let u(a) = -a - 2. Let n be u(0). What is the remainder when w is divided by m(n)?
2
Let j be 3*2/(-9)*201. Let h = -39 - j. Calculate the remainder when h is divided by 32.
31
Suppose z - 3*a = 0, -13 = -5*z + 3*a - a. Suppose 0 = 3*d - 0*l - l + 5, -8 = z*d + 2*l. Calculate the remainder when 34 is divided by d - (120/(-3))/2.
16
Let f(p) = -p + 9. Calculate the remainder when f(-7) is divided by 9.
7
Suppose 4*x - 198 = 2*a, -3*a = 4*x - 34 - 189. Suppose 0 = -d + 5*i - 6, 4*d - i = d + x. Calculate the remainder when d is divided by 10.
9
Suppose -2 = -3*o + o, -i - o = -13. Let t(c) = 2*c + 18. What is the remainder when t(8) is divided by i?
10
Suppose 0*q - 5*q + 115 = 0. Suppose -3*o + 16 = -2. What is the remainder when q is divided by o?
5
Suppose 7*o = 2*o - 40. Let k(t) = t**2 + 4*t - 4. Let n be k(-3). What is the remainder when 20 is divided by n/(-4)*o/(-2)?
6
Let d(k) = -45*k - 1. What is the remainder when d(-4) is divided by 45?
44
Let f(i) be the first derivative of 2*i**3/3 + 2*i**2 + 3*i - 4. Calculate the remainder when f(-4) is divided by 5.
4
Suppose 0 = -4*o + 60 + 28. Suppose -5*z + o = 2*p - 0*p, 5*z - 21 = -p. What is the remainder when 1*(p*-22)/(-1) is divided by 12?
10
Let k(q) be the first derivative of q**4/4 - 2*q**3 + 3*q**2 + 6*q + 3. What is the remainder when 20 is divided by k(5)?
9
Suppose 48 = -15*q + 543. Calculate the remainder when q is divided by 9.
6
Let t = -7 - -23. Calculate the remainder when 62 is divided by t.
14
Let x = 28 + -8. What is the remainder when 39 is divided by x?
19
What is the remainder when (62/2)/((-3)/(-9)) is divided by 24?
21
Suppose 6 = 3*a - 0. Suppose -2*w + 42 = 4*l, 0*w + a*l + 41 = w. Suppose 0 = 2*k - 26 + 4. What is the remainder when w is divided by k?
9
What is the remainder when 39 is divided by (-14 - 26)*2/(-4)?
19
Let p(v) = -v**3 - 11*v**2 - 30*v - 5. Suppose 0 = 2*x + 3*x - 85. Let u = 16 + x. Calculate the remainder when u is divided by p(-7).
6
Let w = -32 - -49. Suppose -5*f = 4*j - 59 + w, 3*f - 40 = 5*j. What is the remainder when 37 is divided by f?
7
Suppose 5*v - 3 = 12, 2*m - v = 69. Let k(t) = 36*t - 2. What is the remainder when k(4) is divided by m?
34
Let m(r) = r - 1. Let n(i) = 7*i**2 - 6*i + 7. Let d(q) = 3*m(q) + n(q). What is the remainder when d(3) is divided by 15?
13
Let a = 55 - 36. Calculate the remainder when 112 is divided by a.
17
Let a be ((-3)/6)/(2/(-20)). Let m = 55 - a. Calculate the remainder when m is divided by 13.
11
Let k = -2 + 26. What is the remainder when 69 is divided by k?
21
Suppose 3*g - 6*g = -12. Let x = 1 + g. Calculate the remainder when 9 is divided by x.
4
Let b(s) = -s**2 + 26*s + 25. Let f = -1 + 1. Let p(w) = -w**3 + w + 7. What is the remainder when b(26) is divided by p(f)?
4
Let n(f) = f**3 + 6*f**2 - 7*f - 5. Let z be n(-7). Let g = 0 - z. What is the remainder when g is divided by 3?
2
Suppose -3*f - 22 = -5*l, 0*f + 18 = 4*l - 2*f. Suppose -5*c = l*p - 75, -2*c - p = 2*p - 34. Calculate the remainder when 31 is divided by c.
9
Let c = 26 + 31. Calculate the remainder when c is divided by 15.
12
Suppose u - 2 = 1. Suppose -2*g - u*g + 145 = 0. What is the remainder when 115 is divided by g?
28
Suppose -14 = g - 3*g. Suppose 3*j - 16 = g*j, 4*j = f - 28. What is the remainder when 23 is divided by f?
11
Let a = 2 - -3. Calculate the remainder when (1 + -19)*1/(-2) is divided by a.
4
Suppose 0 = -4*k + 2*k. Let d be 0/(-2 - k - -3). Suppose -2*u + u = -j + 10, d = -4*j + u + 49. What is the remainder when j is divided by 5?
3
Let s(d) be the second derivative of d**3/6 + 141*d**2/2 + 2*d. Let p be s(0). Calculate the remainder when ((-2)/3)/((-2)/p) is divided by 16.
15
Let x(o) = 2*o**3 + 9*o**2 - 5*o - 9. Let i be x(-7). What is the remainder when 28 is divided by 2/5 - i/15?
13
Suppose -46*n = -40*n - 246. What is the remainder when n is divided by 14?
13
Let q = 2 + -2. Suppose q = -m + 4 - 0. Suppose -4*c - 3*s + 37 = 0, c + 5*s = -m*c + 50. Calculate the remainder when c is divided by 3.
1
Let b(z) be the third derivative of z**4/24 + 35*z**3/6 + 4*z**2. Calculate the remainder when b(0) is divided by 12.
11
Suppose v = -17 + 69. Suppose 3*q + v = 166. What is the remainder when q is div